
Suppose a - 4*a = 5*v - 41, 5*v - 48 = -4*a. Suppose 2*t = a*t - 95. What are the prime factors of t?
19
Suppose -6 = 5*a - 1. Let s be 0/((1 + 0)*a). Suppose 2*f - 47 = -3*b, 0 = -5*b - s*f - 4*f + 81. List the prime factors of b.
13
Let j(d) = -d**2 + 6*d + 3. Let x be j(6). Suppose -y = -x - 0. Suppose -3*i + c = -35, 2*i + c = -y*c + 28. List the prime factors of i.
2, 3
Let j(p) = 8*p**2 + 2*p - 2. Let k be j(2). Suppose -5*u + 31 = -k. List the prime factors of u.
13
Suppose 9*r = 4*r. Suppose 0*b = -3*b - 2*y + 72, -3*b - 5*y + 81 = r. What are the prime factors of b?
2, 11
Let a(n) = n**3 - 8*n**2 + n - 7. Let s(v) = 2*v**3 - 9*v**2 + 2*v - 7. Let x(b) = -3*a(b) + 2*s(b). Let z be x(-5). List the prime factors of 264/z - 2/(-9).
2, 5
Let h(l) = -4*l**3 - 3*l**2 + 7*l + 11. List the prime factors of h(-4).
191
Let i(u) = 3*u**2 - 7*u - 20. What are the prime factors of i(9)?
2, 5
Suppose -6*l + l = -2*i + 124, -4*i = 4*l - 220. What are the prime factors of i?
3, 19
What are the prime factors of (-9)/6 + 885/10?
3, 29
Suppose 2*y - 25 = 47. List the prime factors of y.
2, 3
Suppose -15 = -2*m - 2*h + 213, -2*h = -2*m + 212. What are the prime factors of m?
2, 5, 11
Let d(y) = y**3 + 3*y**2 - 2*y - 1. Let c be d(-2). Suppose -o = -t, 0 = -2*o + c*o. Suppose t*a = 3*a - 24. What are the prime factors of a?
2
Let r = -7 + 4. Let w be -6 + 0*1/r. What are the prime factors of 9 - 3/w*0?
3
Let t(b) be the second derivative of 1/6*b**3 + 0 + 1/2*b**2 - 2*b. What are the prime factors of t(5)?
2, 3
Let r(k) = -2*k**3 + k**2 - k - 1. Let x be r(-1). Let p be (-445)/(-10) + 2/4. Suppose 5*b - p = 2*f, -b - 1 = -x*f + 3. List the prime factors of b.
11
Let a be ((-105)/(-12))/5*-4. Let s = -5 - a. Suppose -u - 3*d = -12, d = 2*u - s - 1. List the prime factors of u.
3
Suppose 7*q - 6*q = 98. What are the prime factors of q?
2, 7
Suppose 2*k - 24 = 6*k. What are the prime factors of (k/9)/(6/(-99))?
11
List the prime factors of 22 - (-3 - 1) - 3.
23
Let o = -20 - -35. Suppose v = -5*n - 6 + 30, 2*v = 5*n - 27. Let x = o + v. List the prime factors of x.
2, 7
Let x = 5 + -6. Let m be (10 - (-2 - x)) + -1. Let p = m + 0. What are the prime factors of p?
2, 5
Let x = 189 + 41. List the prime factors of x.
2, 5, 23
Let q = 1 - 3. Let u(w) = w - 14. Let x be u(-10). Let d = q - x. What are the prime factors of d?
2, 11
Let u = -150 - -214. What are the prime factors of u?
2
Let i = 2 + -2. Suppose 3*n + n = i. Let d = n - -12. What are the prime factors of d?
2, 3
Let r be (-2)/9 - 436/(-18). Suppose 12 = 5*i - 2*i. Suppose d = i*d - r. What are the prime factors of d?
2
Let g be ((-104)/(-10))/(1/5). Suppose g = -t + 5*t. Let b = t + -7. What are the prime factors of b?
2, 3
List the prime factors of -1*(-2)/(-2) + 55.
2, 3
Let j(b) = -b**2 + b + 43. List the prime factors of j(0).
43
Suppose -5*i + h + h + 19 = 0, -4*h - 2 = 2*i. Suppose -5*f - 39 = -3*n, 0 = -5*n + i*f + 18 + 31. List the prime factors of n.
2
Let s be 6 - (3 + 2 + -4). What are the prime factors of 13/s - (-6)/(-10)?
2
Suppose 0*y = -y. List the prime factors of 12 + (2 - 3 - y).
11
What are the prime factors of (-716)/(-20) - (-1)/5?
2, 3
Let t = 10 + 20. What are the prime factors of t?
2, 3, 5
Let q(a) be the first derivative of a**4/6 - a**3 - 3*a**2/2 + 1. Let s(d) be the second derivative of q(d). List the prime factors of s(4).
2, 5
Let x(k) be the second derivative of -19*k**5/20 + k**4/6 - k**2/2 + 5*k. What are the prime factors of x(-1)?
2, 5
Let s = 6 + -4. Let t(n) = -s - 3*n + 1 - n. What are the prime factors of t(-1)?
3
Suppose -w + d - 10 + 1 = 0, -w - 6 = -2*d. Let t = -18 - w. List the prime factors of -6*(-2 + (-10)/t).
2
Let l(u) = 2*u**2 + u - 62. What are the prime factors of l(-8)?
2, 29
Let i(g) = 3*g**3 + 2*g**2 + 2*g - 1. What are the prime factors of i(2)?
5, 7
List the prime factors of 3 + 3428/28 + (-3)/7.
5
Let b(r) = 3*r - 6. Let c be b(6). Suppose 4*o - 44 = c. List the prime factors of o.
2, 7
Suppose -3*d - 3 = -r - 22, 2*r + 3*d = 7. Let l = -6 - r. List the prime factors of (-5)/(-3 - (-4 - l)).
5
Let d = 2 - -1. Suppose 41 = 4*y + 5*q - 24, 3*y - 40 = 5*q. Suppose 4*b - y + d = 0. What are the prime factors of b?
3
Suppose -2*j + y = 43, -3*j - y - 97 = 2*j. Let w be (-6)/10 - 12/j. Suppose w = v - x - 20, 3*x - 64 = -5*v - x. What are the prime factors of v?
2
Let z be (-1 + -4)*(-5 + 4). Suppose -z*c = -4*f + 24, -5*f + c = -c - 47. What are the prime factors of f?
11
Let j = -16 + 10. Let u be (-1)/(15/j)*30. Let y = u - -2. What are the prime factors of y?
2, 7
Let x be 2/10 + (-4494)/(-30). Suppose -x = -3*m - 45. List the prime factors of m.
5, 7
Suppose -26 = -4*o + 22. List the prime factors of (o - 4) + 2 + -1.
3
What are the prime factors of ((-3)/6)/(2/(-404))?
101
Suppose -92 = -3*d - 2*i, 5*i - 78 = -2*d - 2. Suppose 62 = 3*f - 4*c + 12, 4*c = 2*f - d. List the prime factors of f.
2, 11
Let y(q) = -q**2 + 5*q - 1. Suppose -4*t = -t + 2*m - 6, 2*t - m = 11. Suppose 0 = -t*f - i + 19, 4*f + 3*i = i + 22. What are the prime factors of y(f)?
3
List the prime factors of (-576)/(-15)*(-2 - 78/(-9)).
2
Suppose -3*b + 6*b = 6. Suppose 2*k = k + b. Suppose 0 = -5*g - 2*l, -2*g + 3*l - k + 21 = 0. List the prime factors of g.
2
Let h = -778 - -1138. List the prime factors of h.
2, 3, 5
Let s(w) = w**3 - 8*w**2 + w + 10. Let j be s(7). Let i = -19 - j. What are the prime factors of i?
13
Let a(h) = h**2 + 9*h + 3. Let y = -14 - -5. Let v be a(y). Suppose -l = v*l + n - 16, -3*l + 1 = -2*n. What are the prime factors of l?
3
Suppose 5*y - 7*y = -62. Let l = y + 3. What are the prime factors of l?
2, 17
Let s(k) = 9*k - 3. Let h be s(2). Suppose 2*w = 15 + h. Suppose -3*f - 3*i = i - 46, 0 = -f - i + w. What are the prime factors of f?
2, 7
Let w be (-2 - 4)/(3/2). Let h = 8 + 8. Let u = w + h. List the prime factors of u.
2, 3
Suppose f - 2*f = -227. Suppose -4*d - d + f = 2*u, -2*d = 5*u - 95. What are the prime factors of d?
3, 5
Suppose 0*q = q - 2. Suppose -2*s - 8 = -2*i, -2*i = -i + 3*s + 12. Suppose i = -q*m + 8, 76 = y + 3*y + 5*m. What are the prime factors of y?
2, 7
Let z be 3/(60/(-16))*5. Let d = -20 + 13. Let j = z - d. List the prime factors of j.
3
Let t(w) = 21*w**3 + 3*w. List the prime factors of t(2).
2, 3, 29
Let c = -1 - -6. Suppose c*f = -0*f + 15. What are the prime factors of f?
3
Suppose -19 - 53 = -3*m. Suppose 6*f = 2*f - m. Let d(l) = l**2 + 4*l - 6. What are the prime factors of d(f)?
2, 3
What are the prime factors of 1/((-6505)/2170 - -3)?
2, 7, 31
Let x(z) = -z**3 - 5*z**2 - 4*z - 5. Let m = -18 - -13. List the prime factors of x(m).
3, 5
Let x = 76 + 52. List the prime factors of x.
2
Let q(g) = -2*g**3 - 6*g**2 - 4*g + 4. What are the prime factors of q(-5)?
2, 31
Let k(y) = y**2 - y - 3. Let d be k(3). Suppose n + d = 7. Let g = n + 5. List the prime factors of g.
3
Suppose -4*j + 4*u + 312 = 0, 2*j - 4*u + 68 = 3*j. What are the prime factors of j?
2, 19
List the prime factors of ((-78 - -2) + 3)/(-1).
73
Suppose 7*m + 1332 = 16*m. List the prime factors of m.
2, 37
Suppose -k + 3*k - 4 = 0. Let x be (0 - -2) + (-2)/1. Let t = k - x. What are the prime factors of t?
2
Let t = -33 + 75. What are the prime factors of t?
2, 3, 7
Let c(z) = -z + 8. Let i be c(0). Suppose 0 = g - i - 1. What are the prime factors of g?
3
Let z be ((-2)/3)/(6/63). Let t = 6 - z. What are the prime factors of t?
13
Suppose -215 = -6*n + 211. List the prime factors of n.
71
List the prime factors of 233 + 4 + -4 + -3.
2, 5, 23
Let v = 13 - 7. Suppose -4*h = -h - v. Suppose -h*x + 0 = -i - 23, 5*i + 43 = 4*x. List the prime factors of x.
2, 3
Suppose -120 = -0*c - 4*c. Suppose -130 - c = -4*n. List the prime factors of n.
2, 5
Let d = -22 - -48. Let q = -11 + d. List the prime factors of q.
3, 5
Let s(m) = -11*m - 5. Let x be s(-9). Suppose 2*o = 4, 4*n - o = -0*o + x. Suppose 3*k = 3*g + 5*k - 24, 2*k = 3*g - n. List the prime factors of g.
2
Let i = -6 + 6. Suppose -9 = -r - i*r. List the prime factors of r.
3
Suppose y - 60 = -4*y. Suppose -3*l = -0*l - y. What are the prime factors of l?
2
Let f(t) = -t**2 + 4. Let n be f(0). List the prime factors of (n - -13) + (-4 - -2).
3, 5
Suppose 5*a + 0*a = 460. Let v = a - 131. Le